1705 (base 8) to base 9.
25716
What is -100100111101010 (base 2) in base 12?
-ab4a
1757 (base 10) to base 13
a52
What is 2233 (base 4) in base 10?
175
6a86 (base 15) to base 12
11116
-11021 (base 4) to base 12
-235
Convert -153621 (base 8) to base 12.
-27b29
45 (base 7) to base 12
29
Convert -4114 (base 5) to base 14.
-2a2
781 (base 14) to base 7
4221
4300 (base 11) to base 14
2103
Convert -2042 (base 15) to base 16.
-1a9c
497 (base 10) to base 3
200102
What is 3022314 (base 5) in base 6?
1012203
Convert 2e8 (base 15) to base 7.
1643
Convert 1001111111000 (base 2) to base 3.
21000100
Convert 1332 (base 4) to base 2.
1111110
200302 (base 5) to base 6
45143
What is 84e (base 15) in base 13?
b12
30a (base 13) to base 5
4032
Convert 3030 (base 14) to base 16.
2052
Convert -2b15 (base 15) to base 5.
-243440
-5414 (base 8) to base 11
-2141
What is 3132221 (base 4) in base 5?
423444
Convert -31236 (base 13) to base 16.
-158c7
What is -1043123 (base 6) in base 13?
-1abb6
Convert -11521 (base 6) to base 2.
-11010101001
What is -3325 (base 8) in base 6?
-12033
Convert 1266 (base 8) to base 16.
2b6
Convert -8098 (base 13) to base 14.
-6645
147 (base 13) to base 6
1020
Convert 2440 (base 5) to base 15.
19a
Convert -11011001111 (base 2) to base 13.
-a41
1011412 (base 6) to base 3
2110021122
What is -1948 (base 10) in base 3?
-2200011
-20c9 (base 14) to base 9
-7684
Convert 2436 (base 9) to base 13.
a98
1000010001100 (base 2) to base 12
2550
Convert -16136 (base 8) to base 5.
-213022
-e2 (base 15) to base 12
-158
-1313203 (base 4) to base 5
-221101
-112010 (base 3) to base 2
-101111101
Convert 1101100010001 (base 2) to base 15.
20be
What is -47111 (base 8) in base 9?
-30437
Convert 107 (base 8) to base 16.
47
What is 27647 (base 8) in base 16?
2fa7
Convert 2193 (base 14) to base 7.
22643
-712 (base 9) to base 7
-1454
Convert -1264 (base 10) to base 8.
-2360
Convert 5627 (base 9) to base 3.
12200221
What is -366 (base 11) in base 6?
-2003
Convert -2012221 (base 3) to base 10.
-1618
Convert 1303330 (base 5) to base 10.
25465
What is 64a8 (base 14) in base 5?
1024041
What is 1135 (base 8) in base 5?
4410
-221020111 (base 3) to base 6
-221104
Convert -4c (base 15) to base 11.
-66
Convert -1436 (base 7) to base 15.
-27b
What is 1544 (base 6) in base 9?
521
216131 (base 7) to base 4
21110000
Convert 1a0a5 (base 13) to base 15.
1002b
What is -66 (base 11) in base 4?
-1020
2791 (base 14) to base 16
1b4b
Convert 6602 (base 10) to base 7.
25151
-65b (base 12) to base 13
-56c
Convert 252353 (base 7) to base 16.
b59a
Convert -25225 (base 6) to base 12.
-2215
What is 12234 (base 5) in base 15?
42e
Convert -1866 (base 9) to base 8.
-2635
Convert 1003300 (base 4) to base 16.
10f0
What is 62b (base 12) in base 6?
4055
What is 2352 (base 9) in base 16?
6d4
What is -3475 (base 10) in base 16?
-d93
Convert 12110 (base 4) to base 10.
404
What is 22202221 (base 3) in base 8?
14375
What is -1cf3 (base 16) in base 8?
-16363
Convert -8194 (base 12) to base 6.
-145104
-133100 (base 4) to base 12
-11a8
Convert 949 (base 10) to base 12.
671
-35 (base 6) to base 15
-18
1301320 (base 4) to base 2
1110001111000
Convert -712 (base 12) to base 2.
-1111111110
133133 (base 5) to base 11
4086
Convert 11110011 (base 2) to base 8.
363
Convert -107b (base 14) to base 7.
-11214
11100011100111 (base 2) to base 3
201222112
401 (base 15) to base 6
4101
What is -8238 (base 9) in base 14?
-22a9
Convert -178 (base 11) to base 15.
-db
3174 (base 10) to base 12
1a06
Convert 54321 (base 8) to base 5.
1211422
Convert 51430 (base 6) to base 3.
100102000
Convert -5614 (base 8) to base 12.
-1864
What is -7e5 (base 16) in base 2?
-11111100101
550 (base 6) to base 7
420
What is -64356 (base 7) in base 12?
-92a6
What is -203223 (base 4) in base 12?
-13a3
-152 (base 6) to base 9
-75
120 (base 5) to base 13
29
Convert -10a4 (base 12) to base 16.
-73c
What is -136b (base 12) in base 16?
-8c3
122002201 (base 3) to base 16
30b2
-32b2 (base 12) to base 3
-21200122
Convert 8749 (base 14) to base 9.
35067
Convert -5e9 (base 15) to base 12.
-940
-3b50 (base 12) to base 4
-1222230
101110110010 (base 2) to base 14
113c
Convert 29250 (base 10) to base 7.
151164
Convert -422425 (base 6) to base 12.
-17a15
What is -1137 (base 14) in base 13?
-148c
Convert 785 (base 13) to base 14.
684
What is -1727 (base 11) in base 7?
-6302
What is -1111010100 (base 2) in base 12?
-698
What is -360 (base 7) in base 11?
-162
What is 712 (base 11) in base 10?
860
210 (base 3) to base 6
33
Convert 3183 (base 11) to base 15.
13a5
What is 420160 (base 7) in base 6?
1313521
Convert 1362 (base 14) to base 2.
110101011010
Convert 212010 (base 4) to base 3.
10100020
23213 (base 6) to base 14
12d3
-6a5 (base 13) to base 5
-14044
What is -1111100101 (base 2) in base 14?
-513
-2200102222 (base 3) to base 12
-2668b
7b63 (base 16) to base 12
16343
What is 7185 (base 9) in base 11?
3a53
-12 (base 15) to base 12
-15
What is -59f0 (base 16) in base 10?
-23024
Convert -867 (base 9) to base 13.
-427
30202031 (base 4) to base 2
1100100010001101
What is -7332 (base 8) in base 15?
-11d7
-1717 (base 9) to base 13
-79c
783 (base 9) to base 15
2cc
What is f01 (base 16) in base 7?
14125
3b6 (base 12) to base 10
570
1c6 (base 14) to base 10
370
Convert 114234 (base 7) to base 3.
1001101210
What is -11135 (base 10) in base 12?
-653b
1001100110100110 (base 2) to base 10
39334
-19505 (base 10) to base 11
-13722
What is -100 (base 10) in base 9?
-121
Convert 22002212 (base 3) to base 14.
2221
-39da (base 14) to base 13
-4839
-2c9a (base 15) to base 12
-5677
-1774 (base 13) to base 7
-13063
What is -12020 (base 4) in base 3?
-112112
4285 (base 9) to base 6
22335
Convert 2350 (base 6) to base 11.
479
14 (base 14) to base 6
30
Convert 4480 (base 14) to base 2.
10111001100000
What is 388 (base 9) in base 11?
274
Convert 417 (base 11) to base 13.
2c8
Convert 1000100010010 (base 2) to base 6.
32122
What is 18732 (base 9) in base 16?
32bd
Convert -12121 (base 4) to base 13.
-256
What is 6497 (base 15) in base 2?
101001100101100
113531 (base 6) to base 12
58a7
What is 3201 (base 5) in base 4?
12222
-24106 (base 7) to base 12
-3731
Convert -16044 (base 7) to base 4.
-1012023
-3655 (base 10) to base 15
-113a
-17749 (base 10) to base 4
-10111111
What is -3110 (base 6) in base 5?
-10230
What is -244 (base 10) in base 4?
-3310
8b60 (base 13) to base 8
46071
-96c (base 13) to base 12
-b23
What is 2366 (base 8) in base 11?
a55
Convert -91b (base 15) to base 14.
-a67
Convert 44065 (base 7) to base 9.
16107
1c3 (base 16) to base 6
2031
-953 (base 14) to base 7
-5233
Convert -82 (base 14) to base 8.
-162
Convert 21 (base 3) to base 4.
13
What is 1212212 (base 3) in base 8?
2535
What is -31012 (base 4) in base 16?
-346
-15620 (base 7) to base 14
-1880
1960 (base 10) to base 6
13024
Convert -10001010110010 (base 2) to base 12.
-5182
Convert -1100001001 (base 2) to base 9.
-1053
-2301 (base 5) to base 3
-110002
323210 (base 4) to base 14
1564
-d29 (base 14) to base 2
-101000011001
Convert -652 (base 8) to base 4.
-12222
Convert -327 (base 12) to base 7.
-1231
What is 3691 (base 10) in base 14?
14b9
What is 16be (base 16) in base 13?
285b
What is 1004343 (base 5) in base 3?
211020212
Convert -202133 (base 4) to base 16.
-89f
Convert -134a5 (base 12) to base 13.
-c16a
What is -b5bb (base 13) in base 8?
-61116
Convert 12da (base 14) to base 6.
23224
What is -386 (base 14) in base 7?
-2026
What is 1b9f (base 16) in base 9?
10626
101112111 (base 3) to base 6
55321
-15000 (base 6) to base 7
-6633
Convert 10c (base 14) to base 11.
17a
What is -158b5 (base 14) in base 6?
-1053211
Convert 3753 (base 15) to base 5.
334103
2702 (base 8) to base 12
a2a
What is -1745 (base 8) in base 3?
-1100221
Convert 10167 (base 12) to base 11.
14824
42 (base 10) to base 9
46
Convert 11 (base 8) to base 11.
9
410 (base 5) to base 14
77
What is -1bbf (base 16) in base 6?
-52515
-11505 (base 6) to base 8
-3241
256 (base 12) to base 14
1b4
Convert 7108 (base 13) to base 5.
444211
Convert -179 (base 15) to base 14.
-1a3
-765 (base 8) to base 14
-27b
Convert 114234 (base 5) to base 15.
142e
135 (base 10) to base 6
343
What is -60 (base 10) in base 12?
-50
What is 4162 (base 8) in base 12?
1302
1355 (base 6) to base 10